 117. Let n = -20 - -41. What is the greatest common factor of n and m?
3
Let a(w) = 18*w + 2. Let n be a(5). Let l be (-8)/3*3/(-2). Suppose l*o - 8 = 84. Calculate the highest common divisor of o and n.
23
Let h = 2 - 2. Suppose h*l = l + 4*u + 18, -u = -l + 7. Suppose m - 25 = 2*j, j - 75 = -m - l*m. Calculate the greatest common factor of 5 and m.
5
Suppose h + 16 = t, 2*t + h + 40 = 5*t. What is the greatest common divisor of t and 60?
12
Let c(b) = b - 7. Let s be c(13). What is the greatest common divisor of 6 and s?
6
Let t(g) = -24*g - 21. Let o be t(-4). Calculate the greatest common factor of o and 25.
25
Let a(x) = -123*x**3 - 2*x - 1. Let b be a(-1). Calculate the greatest common factor of b and 31.
31
Suppose -15 = -5*x + 70. What is the greatest common divisor of 17 and x?
17
Suppose -4*f - 2*v + 58 = -0*v, 3*v - 55 = -4*f. Calculate the highest common divisor of f and 32.
16
Let d(v) = -v**3 + 9*v**2 - 4*v + 1. Let o be d(8). Suppose -o = -3*z - 6. What is the highest common factor of 63 and z?
9
Suppose -4*l = -x + 236, 0 = -2*x - 2*l + 622 - 140. Suppose x = 4*g - 40. Suppose -5*o + 0 = -g. What is the greatest common divisor of 98 and o?
14
Let i(u) = -3*u + 2*u + 0*u. Let c be i(-6). What is the greatest common factor of c and 12?
6
Suppose 13 = -u - 5*d, -19 = -2*u + 2*d + 3*d. Let z = -4 + 224. Suppose -u*f - 2*f = -z. What is the greatest common divisor of 22 and f?
11
Suppose -m - 8 = 3*t - 46, 3*t + 2*m - 40 = 0. Let j be (7 + 1)*33/t. Let o = -12 + 23. What is the greatest common divisor of o and j?
11
Let u = -3 + 4. Let r(h) = 99*h**2 - h + 1. Let x be r(u). Suppose -22 = -3*n + 11. Calculate the highest common factor of n and x.
11
Suppose -2*b - 1 = 3. Let w be (-51)/(-7) - b/(-7). Let d(t) = -23*t + 3. Let g be d(-2). Calculate the highest common factor of g and w.
7
Suppose 4*c + j = c + 150, 4*j = -12. Calculate the highest common factor of c and 17.
17
Let f be 15/5 - (5 - 4). Suppose f*k - 21 = 3*s + 1, k - 6 = 4*s. Calculate the greatest common factor of k and 28.
14
Let z(p) = -p**3 - 3*p**2 + 2*p - 1. Let y be z(-5). Suppose 3*f + y = 5*r - f, 27 = 4*r + f. Let i = -1 - -22. Calculate the highest common factor of i and r.
7
Suppose 0 = j - 7*w + 4*w - 93, 0 = 2*j + 2*w - 226. Let b = -7 - -19. What is the highest common divisor of b and j?
12
Let y be ((-120)/(-42))/(-2*(-2)/28). Calculate the greatest common factor of y and 20.
20
Suppose 548 - 44 = 14*v. Calculate the greatest common factor of v and 18.
18
Suppose 18 = 5*a + 4*t + 3, a = 3*t + 3. Suppose -a*w - 36 = -5*d, 4*d + 0*w = -2*w + 42. Calculate the greatest common divisor of d and 1.
1
Let n(d) = -2*d**3 + d**2 + d. Let k be n(-1). Let t(f) = -f**2 - 6*f - 3. Let y be t(-2). Calculate the highest common divisor of k and y.
1
Let j(u) = -u**2 + 11. Let b be j(0). Calculate the greatest common factor of 77 and b.
11
Suppose h = -0*d + 2*d - 285, -3*d - 4*h + 444 = 0. Let t be 18 - (-3 - -6) - -3. Calculate the highest common factor of t and d.
18
Let u be (8/(-3))/(20/(-150)). Suppose 0 = o - 1 + 2. Let x(c) = 100*c**2 + c + 1. Let n be x(o). Calculate the greatest common divisor of u and n.
20
Let z be (0 - -2) + (-40)/(-2). What is the highest common divisor of 44 and z?
22
Let a = -8 - -44. What is the greatest common divisor of a and 54?
18
Suppose 4*l + 34 = 2*a, a - 3 = 3*l + 4*a. Let q = 11 + l. Suppose q*p - 5*m - 570 = 0, 3*m - 579 = -5*p + 5*m. Calculate the highest common factor of 13 and p.
13
Suppose -4*w - 3*f + 49 = 0, 16 = -4*w + 5*w - 3*f. Calculate the greatest common divisor of w and 104.
13
Suppose 0*f = -3*f + 267. Let y = 164 - f. What is the greatest common divisor of y and 15?
15
Suppose 10 - 166 = -13*g. Calculate the greatest common factor of 108 and g.
12
Let i = 5 - -1. Let g be ((-4)/i)/((-2)/12). What is the greatest common divisor of 36 and g?
4
Let p be 4/5 + -251*(-5)/25. What is the highest common divisor of p and 34?
17
Suppose -5*p + 0*p = -15. Let u(q) = -q + 12. Let k be u(9). Suppose 0 = -3*x + k*a + 33, x = -8*a + p*a + 35. Calculate the highest common factor of 5 and x.
5
Suppose v + 46 - 222 = 0. What is the greatest common factor of v and 16?
16
Let w = 0 + 4. Suppose -w*l = l. Suppose 0 = 4*j - l*j - 300. Calculate the highest common factor of j and 15.
15
Suppose 0 = -0*n - 5*n + 210. Let z be 12/n - 628/(-7). Calculate the greatest common factor of 10 and z.
10
Suppose -4*d + 35 + 21 = 0. Suppose o + 3*x = 6*o - 14, -d = o + 5*x. Let p be o/(((-3)/45)/(-1)). Calculate the highest common divisor of p and 105.
15
Let p be (0 - 1)/(10/(-2590)). Let o = -149 + p. Let t be (-41)/(-4) - (-3)/(-12). Calculate the highest common divisor of o and t.
10
Suppose 5*p + q = 253, -2*p - 2*q + 91 = -5*q. Suppose 0 = 5*x, -2*y - 5*x = -4*y + p. Suppose 5 - y = -2*k. Calculate the highest common factor of k and 2.
2
Let p be 20/(0 + -1 - -2). Suppose 2*y + 16 = 3*l - 0*y, 0 = 4*y + 8. What is the greatest common factor of p and l?
4
Let w = -16 + 35. Let g = w + -10. Calculate the highest common divisor of g and 45.
9
Suppose 6*b = 5*w + 2*b - 136, 5*w - 138 = 2*b. Let i be 8/3*45/30. What is the greatest common factor of i and w?
4
Suppose 2*g = -4*y + 92, 98 = 4*y - 0*g + 5*g. Suppose f = 4*w + 6*f - 152, -4*f + 49 = w. What is the greatest common divisor of w and y?
11
Suppose 76 = 2*j - 4*m + 6*m, 5*m - 10 = 0. Let z be j/(-27)*42/(-4). Calculate the highest common factor of 2 and z.
2
Let u(i) = -3*i + 3. Let o be u(6). Let n be (-3)/((o/14)/5). Let a(w) = 2*w**2 - 15*w - 15. Let f be a(10). Calculate the highest common factor of f and n.
7
Let k = 11 + 21. Suppose 2*m = 3*m - k. Calculate the greatest common divisor of m and 8.
8
Suppose -4*i = -3*d - 175 + 1, 0 = -4*i - d + 166. Suppose -y + 16 = -2*j - 0, 2*y - j - 17 = 0. What is the highest common factor of y and i?
6
Let z be (8 - 4)/(1/4). What is the highest common divisor of 16 and z?
16
Suppose 0 = -7*d - 435 + 1947. What is the greatest common factor of 12 and d?
12
Suppose 0 = -5*h - 25, 3*n - 5*h - 25 = -n. Suppose n = 3*l + 17 - 83. What is the highest common divisor of l and 242?
22
Let l(x) = 119*x**2 - x. Let n be l(-1). Suppose 7*u - 2*u = n. What is the greatest common factor of u and 3?
3
Suppose -5*i + i = -88. Let s be 159/15 - 2/(-5). Calculate the highest common factor of s and i.
11
Let t(a) = 18*a**2 + 4*a + 2. Let b be t(4). Calculate the highest common divisor of 34 and b.
34
Let o(y) = -y**3 + 20*y**2 + 4*y + 19. Let l be o(20). What is the greatest common factor of 9 and l?
9
Let j = 24 - 23. Calculate the greatest common factor of j and 3.
1
Suppose -3*d = -d + 2*j - 346, -694 = -4*d - 3*j. Calculate the greatest common divisor of 25 and d.
25
Let n(g) = 6*g**2 + 4*g - 2. Let h be n(2). Let m = 36 + -16. What is the greatest common factor of h and m?
10
Let u = 0 - -11. Suppose -2*t = -u - 13. Calculate the highest common factor of 84 and t.
12
Let v(f) = f**3 - 4*f**2 - 2*f - 5. Let z be v(5). Let r = 517 - 515. What is the greatest common factor of r and z?
2
Let g = -14 - -16. Calculate the greatest common factor of 22 and g.
2
Let x(i) = -i**2 - 11*i - 11. Suppose 3*t - 8 = 4*t. Let k be x(t). Let a(u) = u**2 + 3. Let b be a(-6). What is the highest common factor of b and k?
13
Let x(p) = 13*p - 36. Let n be x(12). What is the highest common divisor of 24 and n?
24
Let a be (-42)/3*(-108)/14. What is the highest common factor of a and 12?
12
Suppose 9*s - 40 = 8*s. Suppose 3*h + 8*w - 3*w - s = 0, -2*w = 3*h - 52. Let t be (-1)/(-1) + -1 - -4. What is the highest common factor of h and t?
4
Let y be (36/(-42))/((-3)/21). Calculate the greatest common factor of 42 and y.
6
Let m = -21 + 51. Let r(d) = 3*d**2 - 2*d - 4. Let t be (-2)/(-13) - (-112)/(-52). Let c be r(t). Calculate the greatest common factor of c and m.
6
Suppose 62 = 4*m - 514. Calculate the greatest common factor of m and 16.
16
Suppose 69 = 3*k + 3*o, 28 = 2*k + 4*o - 20. Suppose -2*z = -5*u + 173, 3*u + 3*z = -u + 120. What is the highest common factor of u and k?
11
Suppose v - 2 = 3. Let n = 13 - v. Let i = 74 + -18. Calculate the highest common divisor of n and i.
8
Let x = 164 - 43. Let r = -169 + 180. Calculate the highest common factor of r and x.
11
